 61082981 a prime number?
True
Is 1400911 a composite number?
True
Is 9476435 a prime number?
False
Is 764546809 a composite number?
True
Is 22826221 composite?
True
Is 95656531 composite?
False
Is 545005 composite?
True
Is 631994063 a prime number?
True
Is 13108807 prime?
False
Is 7538887 prime?
True
Is 32125609 composite?
False
Is 2272307 prime?
False
Is 3217969 a composite number?
False
Is 2582311 a prime number?
True
Is 113946587 a prime number?
True
Is 10175293 a prime number?
True
Is 33051794 composite?
True
Is 23412659 composite?
True
Is 30192817 a prime number?
False
Is 20408863 prime?
True
Is 12996743 composite?
False
Is 1636501 a prime number?
True
Is 3225587 a composite number?
True
Is 16015834 a prime number?
False
Is 4462655 a prime number?
False
Is 23790017 a prime number?
True
Is 12380413 a prime number?
True
Is 53127499 prime?
False
Is 129201569 a prime number?
False
Is 40086313 a composite number?
False
Is 65977003 prime?
False
Is 33892699 prime?
True
Is 250609551 prime?
False
Is 123656263 prime?
True
Is 465271 a composite number?
False
Is 19235213 prime?
True
Is 2805877 a composite number?
True
Is 888648691 prime?
False
Is 75328655 prime?
False
Is 11116787 composite?
True
Is 1586251 prime?
True
Is 5905519 a prime number?
True
Is 27713669 composite?
False
Is 1583651 a prime number?
True
Is 5969339 a composite number?
True
Is 29400997 prime?
True
Is 24014623 composite?
False
Is 850331 a prime number?
True
Is 19117403 a composite number?
False
Is 317539 a composite number?
False
Is 10391473 composite?
False
Is 9952897 a composite number?
False
Is 13765831 prime?
False
Is 4359283 a composite number?
True
Is 3472531 composite?
False
Is 325603 composite?
True
Is 4172423 a composite number?
True
Is 75742853 a composite number?
True
Is 210979817 a prime number?
False
Is 60023177 composite?
True
Is 25883749 composite?
False
Is 4862597 composite?
True
Is 324532333 prime?
True
Is 5203201 composite?
False
Is 339496037 a composite number?
False
Is 438781 a composite number?
True
Is 1825739 composite?
False
Is 6533339 prime?
True
Is 1872053 composite?
True
Is 6016622 a prime number?
False
Is 126095691 composite?
True
Is 16692019 a prime number?
True
Is 25735357 composite?
False
Is 7913762 prime?
False
Is 49952593 prime?
False
Is 149389057 composite?
True
Is 105777671 a prime number?
True
Is 9239563 composite?
False
Is 54014551 a prime number?
False
Is 39780743 a prime number?
True
Is 230643073 a composite number?
False
Is 1007311 prime?
False
Is 7843271 a composite number?
False
Is 356806495 prime?
False
Is 125475521 a composite number?
True
Is 23135719 composite?
True
Is 122279405 a prime number?
False
Is 698639 prime?
False
Is 8794909 a prime number?
True
Is 11324749 a prime number?
True
Is 15417439 prime?
False
Is 14216363 a composite number?
True
Is 2959714 a composite number?
True
Is 495787141 composite?
False
Is 36840029 a composite number?
True
Is 179706683 a composite number?
True
Is 296749963 a prime number?
False
Is 114359251 prime?
True
Is 2958139 a prime number?
True
Is 8094181 composite?
False
Is 137861369 composite?
False
Is 41583002 prime?
False
Is 5021117 a prime number?
True
Is 2082734347 a composite number?
False
Is 45571837 a prime number?
True
Is 2457181 prime?
False
Is 83692417 a prime number?
False
Is 546781 prime?
True
Is 3397291 prime?
True
Is 88645 a prime number?
False
Is 155084803 a prime number?
False
Is 5615941 a composite number?
True
Is 5161291 a prime number?
True
Is 26715773 composite?
True
Is 16640279 composite?
True
Is 143768501 prime?
True
Is 10734949 prime?
False
Is 12290393 a composite number?
True
Is 1156681 prime?
True
Is 22618391 a composite number?
False
Is 2135191 composite?
False
Is 36658753 a composite number?
False
Is 512863 a composite number?
True
Is 2934787 a composite number?
False
Is 260657093 a composite number?
False
Is 4013881 a composite number?
False
Is 170131861 a composite number?
True
Is 19899329 prime?
True
Is 1029359 a composite number?
False
Is 32709691 prime?
False
Is 1310870413 a composite number?
False
Is 647951 composite?
False
Is 260210009 a composite number?
False
Is 14932457 a prime number?
True
Is 189224107 composite?
False
Is 411289 composite?
True
Is 42753367 a composite number?
True
Is 139028317 a prime number?
True
Is 1435171 prime?
True
Is 167744021 a composite number?
True
Is 1512061 a prime number?
False
Is 72499697 composite?
False
Is 188022517 prime?
False
Is 1756229 a composite number?
False
Is 601253 a prime number?
False
Is 5876443 composite?
False
Is 9602941 prime?
False
Is 36785087 a prime number?
True
Is 78708467 composite?
True
Is 52560337 a prime number?
True
Is 3909557 prime?
False
Is 468953 a composite number?
False
Is 6952481 composite?
False
Is 15319787 prime?
False
Is 704579 composite?
False
Is 8481061 prime?
False
Is 353163 prime?
False
Is 56855567 a prime number?
True
Is 978311 a prime number?
False
Is 205747 composite?
True
Is 11198819 a prime number?
True
Is 285991 prime?
False
Is 137900219 a composite number?
False
Is 118871 composite?
True
Is 49361687 a prime number?
True
Is 8426701 composite?
False
Is 105849529 prime?
True
Is 316847 prime?
True
Is 2042059 prime?
True
Is 39300101 prime?
True
Is 1362607 composite?
False
Is 31281 a composite number?
True
Is 3123959 prime?
True
Is 379831 composite?
True
Is 107540501 a prime number?
False
Is 11231977 a prime number?
False
Is 2482199 a prime number?
True
Is 9824467 composite?
True
Is 6447323 a composite number?
False
Is 8328209 a composite number?
False
Is 21151387 prime?
False
Is 9621161 a composite number?
True
Is 657857 a composite number?
True
Is 64889441 prime?
True
Is 653083 a composite number?
False
Is 117933185 composite?
True
Is 6453929 composite?
False
Is 956383 a composite number?
False
Is 104870567 composite?
False
Is 216203965 composite?
True
Is 39261659 a composite number?
False
Is 1641281 a composite number?
False
Is 1858394 prime?
False
Is 11377099 a composite number?
True
Is 1178774 a composite number?
True
Is 4274651 a prime number?
True
Is 36309043 a prime number?
True
Is 598127483 composite?
True
Is 62809337 a prime number?
False
Is 82983551 prime?
False
Is 125803 composite?
False
Is 1146557 a prime number?
False
Is 330532333 a prime number?
False
Is 384203137 prime?
True
Is 3218483 a prime number?
True
Is 93283669 a composite number?
False
Is 8395661 a prime number?
False
Is 48615269 a composite number?
False
Is 138503 prime?
False
Is 2237783 a prime number?
True
Is 92581481 a prime number?
False
Is 1981163 composite?
True
Is 5812831 a prime number?
False
Is 386329 composite?
False
Is 2657843 a composite number?
False
Is 76286761 prime?
True
Is 401603401 a composite number?
False
Is 47885759 prime?
True
Is 25305935 composite?
True
Is 13527877 a prime number?
False
Is 109522639 prime?
True
Is 2436397 a prime number?
False
Is 4899487 composite?
True
Is 10733629 a prime number?
True
Is 1573133 a composite number?
False
Is 17311633 a composite number?
False
Is 27491549 composite?
False
Is 11351677 a composite number?
True
Is 3833198 a composite number?
True
Is 291591109 a prime number?
True
Is 43591011 prime?
False
Is 1005983 a prime number?
False
Is 415341463 prime?
False
Is 2297543 a prime number?
True
Is 3387551 a composite number?
False
Is 3866219 composite?
True
Is 39923014 a prime number?
False
Is 4541587 a composite number?
True
Is 21409169 prime?
True
Is 236030849 prime?
True
Is 54631427 a composite number?
False
Is 69414395 a prime number?
False
Is 4344997 composite?
False
Is 82190239 composite?
True
Is 2234789 a composite number?
False
Is 5873801 a composite number?
False
Is 28040015 composite?
True
Is 8183037 a prime number?
False
Is 6012659 a composite number?
False
Is 184912867 composite?
False
Is 4861658 composite?
True
Is 42631091 a composite number?
False
Is 2510731 a composite number?
False
Is 241957 a composite number?
True
Is 217826977 composite?
False
Is 53887151 a prime number?
False
Is 3782011 a composite number?
False
Is 3007195 a composite number?
True
Is 108647471 a prime number?
False
Is 19130849 prime?
False
Is 44068953 a composite number?
True
Is 144310949 a composite number?
False
Is 6343277 a prime number?
True
Is 67198961 a composite number?
Fals